Suppose m = 5, -211 = -4*d + 9*m - w*m. What is the units digit of d?
9
Let u(q) = q**3 + 25*q**2 - 28*q - 56. Let y be u(-26). What is the hundreds digit of -5 + 850 + 0/y?
8
Suppose 48556 = 4*z + 4*q, 3*q = -800*z + 802*z - 24318. What is the tens digit of z?
4
What is the units digit of ((-42)/4 + -3)*(-1 - (0 - -1073))?
9
Let w be 17/(-3) - -5 - (-52)/6. Suppose -w*n + 1388 = 92. What is the hundreds digit of n?
1
Let a = 14 - -144. Let z = 389 - a. What is the units digit of z?
1
Let x(o) = 40*o + 297. Let h be x(12). Suppose -u - 16*f + h = -12*f, -1575 = -2*u - f. What is the tens digit of u?
8
Let b be 104/12 + (-14)/21. Suppose -23*l + 4590 = -b*l. What is the units digit of l?
6
Let v be 257/7 + (-24)/(-84). Suppose -125 + v = -n. What is the tens digit of n?
8
Let r = 529 - 124. Let i = 929 - r. What is the tens digit of i?
2
Let j = -3254 + 7501. Suppose 18*u = 15*u + 3, 0 = 5*b + 2*u - j. What is the units digit of b?
9
Let o = -3437 + 446. What is the tens digit of 32/144 + o/(-27)?
1
Suppose 2*a - 3984 = 5*n - n, -2*a + n + 3996 = 0. What is the units digit of a?
0
Let w be ((-2)/8 + 36940/80)*2. Let s = w - 443. What is the units digit of s?
0
Suppose -n - 4 = 0, 2*r - 3*n - 27 = 29. Let y = -20 + r. Suppose -b - i + 109 = 0, y*b + i - 321 = -b. What is the tens digit of b?
0
Suppose f = 4*a + 13, -3*f + 1 - 26 = 4*a. What is the units digit of (-12)/(-12)*(-1)/(f/1359)?
3
What is the units digit of (-73652)/(-5) - (-11 - (-3285)/300)*-8?
0
Let c be (-3)/(1/(-2)*3). Suppose 0 = 5*v + c*u - 27, -10 = -0*v - v - 5*u. Suppose v*m = -4*p + 655, -p - 3*m + 175 = 2*m. What is the units digit of p?
0
What is the units digit of (28/24 - (-789093)/54) + -3?
1
Let m(z) be the second derivative of -9*z + 0 - 15/2*z**3 - 11/2*z**2. What is the units digit of m(-4)?
9
Suppose 0*d + 18 = 6*d. Suppose 3*h + 2*h = 15. Suppose -2*r = d*r + h*m - 269, -r = -m - 49. What is the units digit of r?
2
Let q = -344 - -350. Let y(c) = 4*c**3 - c**2 - 43*c - 2. What is the tens digit of y(q)?
6
Let w be -38*(-15)/12*1520/50. Suppose 2*p = 4*y + w, -220 = p + 4*y - 954. What is the units digit of p?
6
Let q be 10/28*-18 + 12/28. Let r be 0 - (-30)/(-4)*(-124)/q. Let x = -67 - r. What is the units digit of x?
8
Let l = 8 - 3. Suppose -g = 2*y - 1042, 5*g = 3*y + 2*y - 2620. Suppose b = -4*s + y, b + 377 = l*s - 280. What is the tens digit of s?
3
Suppose 0 = -2*n - 3*f - 199, 0 = 5*n + 4*f + 534 - 19. Let g = -111 - n. What is the units digit of 23/(-92) + (-397)/g + 1?
0
Let s(r) = 723*r**2 - 121*r - 41. What is the thousands digit of s(10)?
1
Let p = 79456 - 55670. What is the tens digit of p?
8
Suppose 44032 - 130594 = -43*q + 49662. What is the tens digit of q?
6
What is the thousands digit of (2920/(-12))/((-4)/30)?
1
Let x = 500 + -492. Suppose x*b = 25*b - 12070. What is the hundreds digit of b?
7
Let c be (((-11440)/(-48))/11)/(10/12) + 0. Let a = 3 - 0. Suppose 0 = -a*z + c + 16. What is the units digit of z?
4
Suppose -3*s = -4*s + 5*n + 16269, 0 = 4*s + 5*n - 65076. What is the hundreds digit of s?
2
Suppose -3*x + 0*x = 120. Let n be 3 + x/(-3 - -2). Let g = n + -26. What is the tens digit of g?
1
Suppose -44*l + 40*l = -8. Suppose -416 = -l*s + 5*t - 9*t, 3*s - 4*t - 644 = 0. Suppose h + h - 418 = -2*z, 0 = -h - 2*z + s. What is the units digit of h?
6
Suppose -r - 2*u + 23750 = -0*u, -3*u + 71235 = 3*r. Let o = r + -16712. What is the tens digit of 12/(-15) + o/35?
0
Let u = 37 + -25. Let s be u/(-21)*((-17)/2 - -5). Suppose 313 - 37 = s*o. What is the hundreds digit of o?
1
Let j = 13435 - -11462. What is the thousands digit of j?
4
What is the units digit of (-615 + 128)/((-12)/(-13) - 1)?
1
Let f(s) = -s**3 + 4*s**2 + 25*s - 7. Let q be f(7). Suppose -q*r + 38 = -2*r. What is the units digit of r?
2
Suppose k + 3*f - 7 = 5*f, -4*f = -5*k + 53. Let m(x) = x**3 - 12*x**2 - 11*x - 21. Let r be m(k). Suppose r*w - 336 = 224. What is the tens digit of w?
1
Let h(i) = 26*i**2 + 38*i - 21. Let w be h(-6). Suppose -w*k + 2230 = -685*k. What is the hundreds digit of k?
1
Let y be (-42)/15 - 66/55. What is the hundreds digit of 7/((-98)/(-2121))*y/(-6)?
1
Let o(c) = 11*c + 81. Let s be 132/8 + 5/(-10). What is the tens digit of o(s)?
5
Suppose -u = -4*u - 12, -3*m - u = -431. Suppose 4*c = m + 223. What is the units digit of c?
2
Let a(i) = i**3 + 9*i**2 - 4*i + 65. Let n be a(-10). Suppose -n*t = -3*y - 384 - 5113, -3*t - 2*y + 3302 = 0. What is the hundreds digit of t?
1
Suppose 8*p - 418854 - 312654 = -39*p. What is the tens digit of p?
6
Let c(p) = p - 2. Let o be c(3). Let f be -4 - ((-2)/o + 35). Let g = 82 + f. What is the units digit of g?
5
Let y(r) = 54*r - 101. Suppose -106 = -14*l - 22. What is the hundreds digit of y(l)?
2
Let g be (-4)/6 - (-4 + (-14219)/3). What is the units digit of (-4)/((-80)/15) - g/(-12)?
6
Suppose -u - 44 = 10*u. Let c = 9 - 5. Let i = c - u. What is the units digit of i?
8
Let n = -15516 - -23899. What is the units digit of n?
3
Let u(t) = -t**3 - 3*t**2 + 1. Let l be u(-2). Let s be 0 + (-3603)/(-9) + 1/l. Suppose -3*i + 2*q - 91 = -402, q = -4*i + s. What is the units digit of i?
1
Let i(h) = 31*h**2 + 3*h - 2. Let k(b) = b + 5. Let v be k(-4). Let c be i(v). What is the units digit of (-24)/60 - c/(-10)*12?
8
Let o(x) = 11*x. Let l be o(6). Suppose 59*b + 2233 = l*b. What is the tens digit of b?
1
Let m = -35896 + 54181. What is the hundreds digit of m?
2
Suppose -18*r + 1194 = 11022. Let x = r + 1374. What is the tens digit of x?
2
Let f(w) = 4163*w + 14. Let j be f(1). Suppose -12*u + 3071 = -j. What is the units digit of u?
4
Let p(f) = 6*f**2 - 13*f + 61. Let u be 6/(-15) - (-32)/(-15)*-3. What is the tens digit of p(u)?
9
Suppose -100*o = 441570 - 2937470. What is the thousands digit of o?
4
What is the tens digit of (-1 + -830)/(2/(-20))?
1
Let l = 23664 + -13090. What is the hundreds digit of l?
5
Suppose 240*y + 111410 = 5*v + 245*y, -3*v + 66844 = 4*y. What is the thousands digit of v?
2
Suppose 0 = -8*u - 26*u + 308446 + 223586. What is the units digit of u?
8
Let l(j) = -10*j**2 + 7*j - 14. Let u be l(-6). Let c = 90 - u. What is the units digit of c?
6
Let x(q) = 1033*q**2 + 34*q - 641. What is the hundreds digit of x(7)?
2
Let w be ((512/(-12))/8)/(2/(-3)). Suppose -w*p = -2*p - 2724. What is the units digit of p?
4
Let b = -69 - 116. Let x = b - -399. What is the hundreds digit of x?
2
Suppose 106*h - 26192 = 190*h - 100*h. What is the hundreds digit of h?
6
Suppose -243*p = -1096684 - 1094690. What is the units digit of p?
8
Let w be (-188708)/(-32) - (36/(-32))/(-9). Suppose 5*h + 352 = -5*f + w, -3*f + 3323 = 4*h. What is the thousands digit of f?
1
Suppose -5*j + 30 = 0, 2*s - 2056 = 3*j + 622. What is the units digit of s?
8
Let c be (-570)/25*-1*(-10)/(-4). Suppose -f = -o + 4*o + 33, 4*o - 3*f + c = 0. What is the tens digit of ((-190)/15)/(2/o)?
7
Let h(c) = 15*c - 12. Let x(v) = 3*v**3 + 3*v**2 + 3*v + 1. Let i be x(-1). Let k(p) = p**3 + 3*p**2 - 4*p - 4. Let b be k(i). What is the units digit of h(b)?
8
Let q(x) be the third derivative of x**6/30 - 2*x**5/15 + 5*x**4/24 - 2*x**3/3 + 21*x**2. What is the units digit of q(3)?
7
Let n(z) = z**2 + 17*z + 16. Let a be n(11). What is the thousands digit of ((a/(-8))/27)/((-3)/2446)?
1
Let r(o) = 73*o**2 - 7*o. Let z(a) = 147*a**2 - 15*a. Let i(p) = 13*r(p) - 6*z(p). Let m be 1/((2 - -2) + -3). What is the tens digit of i(m)?
6
Let l = -6 - -9. Suppose -l*s + 4*s = 0. Suppose s = 15*y - 19*y + 72. What is the units digit of y?
8
Suppose 0 = -19*a + 22*a + 30. What is the tens digit of ((-24)/(a + 2))/((-3)/(-1000))?
0
Let t(x) = -1220*x**3 + x**2 - 1. Let j be t(-1). Suppose -3*h - j = -323. What is the units digit of 26/91 - h/7?
3
Let t be (63/(-3) - -3)/((-10)/5). Suppose 5*o - t*o - 2*q + 166 = 0, 0 = -4*o + 4*q + 148. What is the tens digit of o?
4
Let x = -39 - -24. What is the tens digit of (-5)/x + (-1 - 1660/(-6))?
7
Let h(z) = 6*z**2 + 12*z. Let n be h(-2). Suppose -32*s + 25*s + 8211 = n. What is the tens digit of s?
7
Suppose 108 = -v - 0*v + t, 0 = 4*v + 4*t + 440. Let l = 194 + v. What is the units digit of l?
5
Let d(l) = 14*l**3 + 8*l**2 - 23*l + 140. What is the tens digit of d(8)?
3
Let r = 49606 + -33645. What is th